 + 69. Let d = 129 - p. Calculate the highest common divisor of d and 76.
76
Suppose -62 = 4*w + 5*h + 26, 4*w - 2*h = -88. Let l = 21 + w. Let p be 1/(5 + l) + 30/8. What is the greatest common factor of 8 and p?
4
Let k(b) = -b + 4. Let t be k(-6). Let h(p) = -2*p**3 + 59*p**2 - 26*p - 37. Let q be h(29). Calculate the highest common divisor of t and q.
10
Let b be (8/16)/(11/1254). What is the greatest common factor of b and 2299?
19
Suppose -5*y = 3*p - 436, -3*p - 4*y - 128 = -559. Let b = p - 112. Let s be (-5)/b + (-402)/(-10). Calculate the highest common divisor of 40 and s.
40
Let h(n) = -21*n**2 + 163*n - 10. Let c be h(5). What is the greatest common factor of c and 40?
40
Let s = 553 - 364. Let z = -115 - -110. Let j be 203/35 + z + 262/10. What is the greatest common factor of j and s?
27
Suppose -5*f = -5*o - 55, f - 136 + 110 = 4*o. What is the greatest common factor of f and 501?
3
Suppose 0 = -29*p + 11*p + 1097 + 19. Calculate the greatest common divisor of p and 6076.
62
Suppose 0 = -10*q + 19*q - 1305. Let h be 8062/q + 6/(-10). Calculate the greatest common divisor of h and 15.
5
Suppose -u - 2481 - 649 = -3*d, -3*d + 2*u + 3125 = 0. Calculate the highest common divisor of 133 and d.
19
Suppose n + 3*u = 3*n - 53, 59 = 2*n - 5*u. Suppose -3*i + n = -32. Let k be (-4)/(8/2) - -145. Calculate the greatest common divisor of k and i.
18
Let c(y) = y**2 - 3*y - 2. Let x be c(5). Suppose -7*q = -x*q + 2. Suppose 5 = q*w + 3, -j + 5*w + 65 = 0. What is the highest common factor of j and 14?
14
Suppose -10576 = -208*s - 592. What is the greatest common factor of 7512 and s?
24
Let s be (-5*3)/((30/4)/(-5)). Let v(a) = -40 + s*a + 54 + 7*a + 7*a**2. Let b be v(-6). What is the highest common factor of 41 and b?
41
Suppose -8*j - 151 + 313 = 10*j. Suppose -w = -5*m + 1210, -3*m + 3*w + 1170 = 456. What is the highest common divisor of m and j?
9
Let h(o) = -16380*o**3 + 2*o**2 + 8*o + 6. Let j be h(-1). Suppose 12*m + 2*m - j = 0. What is the highest common factor of m and 18?
18
Suppose -j - 3*s = -27, 263*j - 22 = 261*j - 2*s. Calculate the highest common factor of j and 248.
1
Let v = 730 + -729. Let g be (-64)/(-8)*(v - -43). Calculate the highest common divisor of g and 8.
8
Let i be (1026/(-81))/((-26)/12 + 2). What is the greatest common divisor of 38 and i?
38
Suppose -56*z = 9*z - 3*z - 14322. What is the greatest common divisor of z and 1089?
33
Let z(s) = -s**3 - s**2 + 2*s + 3. Let g be z(-2). Let f = 9731 + -9635. What is the highest common factor of f and g?
3
Let l = -201 - -217. Let u be 4/l + (-5067)/(-36). Calculate the greatest common factor of u and 94.
47
Let i be (-253)/(-33) - (-2)/(-3). Suppose i*g = -g + 792. Calculate the highest common divisor of g and 11.
11
Let z = -44 - -179. Suppose z + 5 = 5*q. Let m be (-2)/(-1) + (10 - -2). What is the greatest common divisor of m and q?
14
Suppose 0 = -1373*t + 1299*t + 518. Calculate the highest common divisor of 4893 and t.
7
Suppose 3*c = -33*f + 699, 0 = -4*f + c - 6 + 88. What is the greatest common factor of f and 22281?
21
Suppose -3*o + 147 = -3*m, -24*m + 25*m + 3 = 0. Let v = 299 + -46. What is the greatest common divisor of o and v?
23
Let u = 55 - -57. Suppose x + 1 = -4*c + 125, u = 3*c - 4*x. Suppose 4*z = l + 4, -4*l + z - 2*z + 18 = 0. What is the highest common factor of c and l?
4
Let x be 165/(-9) + (-7)/(-21). Let h = 20 + -35. Let t = h - x. Calculate the highest common factor of t and 33.
3
Suppose 3*a - 135 = -5*y, -4*a - y - 624 + 770 = 0. What is the highest common divisor of 42 and a?
7
Let x(q) = -q**2 + 19*q - 8. Let l be x(12). Suppose -295*f = -274*f - 168. What is the greatest common factor of l and f?
4
Suppose 0 = 2*b - 41 - 7. Let i = b + -11. Let l = 280 - 189. What is the highest common factor of i and l?
13
Suppose 2*r - p - 164 = 0, -10*p + 77 = r - 13*p. What is the highest common factor of r and 4897?
83
Let j = 43 - 37. Suppose 2*d = -j*d - 640. Let p be (6/(-4))/(6/d). Calculate the greatest common divisor of 30 and p.
10
Let a(s) = -11 + 27 - 6*s + 38 - 2*s. Let n be a(6). Calculate the highest common factor of 60 and n.
6
Let v = -133709 + 133757. Let x = -31 + 49. Calculate the highest common divisor of x and v.
6
Let p be 136/(-6)*(10/4 - 4). Let r be (-1 - (-3)/12)*(-16)/4. Suppose -4*j + d = -953, -4*j - d + 237 = -r*j. What is the highest common divisor of p and j?
34
Suppose 54 = -4*u + 2*q, -3*q + 22 = -2*u - 7. Let k = u - -16. Let h = -118 + 130. What is the greatest common factor of k and h?
3
Suppose u + 2*a + 1 = 7, 5*u = 3*a - 9. Suppose -3*y + 362 = d, u = 5*d + 7*y - 10*y - 1882. What is the greatest common factor of 44 and d?
22
Let h(w) = 4*w - 86. Let x be h(23). Suppose -3*l + 3*p + 861 = 0, -3*p = -x*p - 9. Calculate the highest common divisor of l and 71.
71
Suppose 0 = -4*b + 3*k + 104 - 37, -3*b - 2*k + 63 = 0. Let p = 213 + -23. What is the highest common divisor of b and p?
19
Suppose 5*s - 5*t + 607 = 132, -t = -4*s - 371. Let m be s/3 + 2/3. Let u be (-16)/20 + (-444)/m. Calculate the greatest common divisor of 126 and u.
14
Let a be 1/2 + 98/4. Let b = 228 - 213. Calculate the highest common factor of a and b.
5
Suppose -5*b + 2370 = 4*y, -5*y - 2*b + 591 = -4*y. Suppose 0 = 4*z + f - y, -2*f + f + 299 = 2*z. Calculate the highest common divisor of z and 74.
74
Suppose 2*l + 29*l + 5456 = 0. Let s be ((-27)/18)/(12/l). Let g(v) = -10*v**3 - 2*v**2 - 3*v - 1. Let p be g(-2). What is the highest common factor of p and s?
11
Let a(z) = z**2 - 3*z - 2. Let b be a(-7). Suppose 126 = 19*k - 40*k. Let w be (-2)/(k/53) - 4/6. What is the highest common divisor of w and b?
17
Suppose -32*d - 15*d = -54 - 40. Calculate the greatest common divisor of d and 242.
2
Suppose 10*d - 27256 = -2*u, 3*d - 3*u = 225 + 7959. What is the highest common divisor of 145 and d?
29
Let i = -337 - -334. Let s be -1 + (2 - (-156 - (i + -2))). Calculate the greatest common divisor of 8 and s.
8
Let i be 1 + -1 + 22*3. Suppose -558*u = -223*u - 33165. What is the highest common divisor of u and i?
33
Suppose 3*x - 6 = -3*v, 55*x + 4 = -2*v + 51*x. Calculate the greatest common divisor of v and 136.
2
Suppose -7*g - 28 = 364. Let l be 709 + g/21*(-3)/(-2). Calculate the highest common factor of l and 15.
15
Let n be ((-16)/28 - -4)/((-18)/28)*-276. Calculate the greatest common divisor of 128 and n.
64
Suppose a - 6 = -d, -4*a + 15 = 5*d - 11. Let z = -97 - -133. Suppose -11 = -5*y - z, -f + 5*y + 47 = 0. What is the greatest common divisor of f and d?
2
Suppose 0 = -4*o - 3*d + 51, -4*o - 94 = 4*d - 146. Calculate the greatest common factor of o and 2796.
12
Let y be 1188/72 + ((-4)/2)/(-4). Let i(l) = -l**3 + 16*l**2 + 19*l + 8. Let h be i(y). Calculate the highest common divisor of 42 and h.
42
Let d be (2/104)/(30/720) + 898/26. Suppose 2*c = 238 + 392. Calculate the highest common divisor of d and c.
35
Let b be (-4 - 0)/(-4) + -5 - (15 + -410). Calculate the highest common divisor of 17 and b.
17
Let c be (5162/(-534))/((1 - 2)/219). Calculate the greatest common divisor of c and 219.
73
Let y = -13771 + 14403. What is the highest common divisor of 1343 and y?
79
Let c = 5823 - 5784. Calculate the highest common divisor of c and 2743.
13
Let u = 5219 + -3051. Calculate the greatest common factor of u and 8.
8
Let w = 145 + -146. Let u be (2 - w)*(5 - -3). What is the highest common factor of u and 276?
12
Let l = -6162 + 12782. Calculate the greatest common factor of 20 and l.
20
Let n(k) = -k**2 - 6*k - 3. Let z be n(-6). Let d be 3 + (-1 - (z + 4)). Let u be 8/((-2)/d) - -79. Calculate the greatest common divisor of 25 and u.
25
Let b be (-2)/37 - 34034/(-1258). Let v(y) = -32*y - 8. Let n be v(-7). What is the highest common factor of n and b?
27
Let a be 23370/1066 + 2/26. Calculate the greatest common factor of 19822 and a.
22
Suppose -6*h = -5*h + 2*i + 31, 0 = 2*h - 2*i + 38. Let m = -20 - h. What is the greatest common factor of 3 and m?
3
Let h(l) = 2*l**2 + 39*l + 39. Let f be 1*1*(-5)/(-10)*-38. Let v be h(f). What is the highest common factor of v and 8?
4
Let d = -24429 - -24452. Calculate the highest common divisor of 1817 and d.
23
Suppose 6*l - 4 = -4. Suppose l = -3*w + 9*w - 8100. Suppose -3*r = 